f + 330 = v. Let o be 66/f*70/4. What is the highest common divisor of o and 189?
21
Let d(i) = i**3 - 30*i**2 + 22*i + 5. Let w be d(30). Calculate the greatest common divisor of 35 and w.
35
Let v(y) = -3611*y - 3379. Let m be v(-1). Let s = 10 + -2. What is the greatest common divisor of s and m?
8
Let m(x) = x**3 + 14*x**2 + 22*x + 174. Let l be m(-6). What is the highest common factor of 2805 and l?
165
Suppose -s - 3361*g + 3358*g + 128 = 0, 5*s - 5*g - 680 = 0. Calculate the greatest common factor of 2 and s.
2
Suppose -s + 4*i + 6 = 0, -2*i - 48 = 5*s - 100. Suppose -s*r + 202 = -188. What is the highest common factor of r and 117?
39
Let i = -10 - -13. Suppose 110 = i*n - l, -n - n - l = -70. Let c = n + -33. What is the highest common factor of c and 27?
3
Suppose 3*t = 3*w + 4977, -17*t + 6643 = -13*t - 5*w. Calculate the greatest common factor of t and 4012.
236
Let t = -146 + 32. Let v = -10161 + 10063. Let m = v - t. Calculate the highest common factor of 56 and m.
8
Let b be 40/(-110) - 20/(-55). Suppose 2*o + 5*s - 28 = 6, o - 4*s - 4 = b. Suppose 2*t - 22 + 6 = 0. Calculate the highest common divisor of o and t.
4
Let t = 50 - -140. Let a = 286 - t. Calculate the highest common factor of a and 6.
6
Suppose 287*j + 46043 = 124486 + 90313. What is the highest common factor of 36 and j?
12
Suppose 0 = 5*x + 5*j - 30, -4*x + 9*x - 30 = -j. Suppose 6*q = -57 + 213. Let d = -24 + q. What is the highest common factor of d and x?
2
Suppose -5*f - 979 = 2*a, -a - 188 = f + 6. Let j = f - -223. Let n = 663 - 377. What is the greatest common factor of j and n?
26
Let w(n) = n**2 + 9*n + 2. Let t be w(3). Suppose -2*a - t = -0. Let h be (-4)/(-2) - (-23 - a). What is the greatest common divisor of h and 42?
6
Suppose -894 = -5*p + 4*a, 87 = 2*p - 2*a - 269. Let w be (-33)/(-44) - p/8. Let y be (-236)/(-13) + w/143. Calculate the greatest common divisor of 27 and y.
9
Let b be 33/(-66)*1*-26. Suppose -7*n + b*n = 912. What is the highest common divisor of 19 and n?
19
Let p = 23 - 17. Suppose 0 = 3*m - 2*z - 2, -3*z - 1 = 3*m + 2. Let i be 1515/101 - ((-1 - m) + 4). Calculate the greatest common factor of p and i.
6
Let w be 23435/45 + 16/(-9) + 2. Let o be (12 - 15)/((-3)/w). Let i = o - 367. What is the highest common factor of i and 22?
22
Suppose -2*x + 120 + 14 = -2*d, 3*x - 213 = -d. What is the greatest common divisor of 329 and x?
7
Let m be ((-16)/(-10))/(2*(-1)/(-10)). Let n(k) = -4*k + 31*k - m - k. Let x be n(4). Calculate the greatest common factor of 12 and x.
12
Let m be ((-11)/3 - 3)*(-24 + 3). Suppose -5*r + m = -4*t, -11*r + 7*r - t + 112 = 0. Let a be 21/(-2)*20/(-3). What is the highest common factor of a and r?
14
Suppose v - 16685 = 4*y, -13*y + 14*y = -4. Calculate the greatest common divisor of 79 and v.
79
Suppose -167 = -9*m - 5. Let q be 1045/57 + (2 + -1)/(-3). Calculate the highest common factor of m and q.
18
Let h be (-5 + 1 - 10)*46/(-4). Calculate the greatest common divisor of 567 and h.
7
Let b(f) = -f**3 - 7*f**2 - 3*f - 8. Suppose -23 = -0*h - h. Suppose 28 = -h*a + 19*a. Let c be b(a). What is the greatest common factor of c and 143?
13
Suppose -185 - 120 = -9*q + 424. Suppose -12*n + 1620 = -8*n. Calculate the highest common factor of q and n.
81
Let m(u) = u**3 - 15*u**2 + 25*u - 44. Let b(o) = -o**2 - 2*o - 1. Let t(s) = -5*b(s) - m(s). Let h be t(19). Calculate the greatest common factor of h and 75.
25
Let i be 100 - ((-5 - -6) + 6). Calculate the greatest common factor of 48 and i.
3
Suppose 0 = 8*z - 6*z - 2*s - 770, -5*z + 3*s = -1911. What is the highest common factor of 1260 and z?
126
Suppose -7*g + b = -2*g - 176, 12 = 3*b. Suppose 2*y = 4, j - 6*j = -3*y - 4. Suppose j - 20 = -2*r. Calculate the highest common divisor of r and g.
9
Let f(t) = -t**2 + 11*t + 43. Let x be f(14). Calculate the highest common divisor of 73 and x.
1
Let m be (1/((-1)/(-22)))/((-15)/(-75)*2). What is the highest common factor of m and 715?
55
Let b(d) = d**2 + 2*d + 11. Suppose 59*j = 71*j + 72. Let w be b(j). Calculate the highest common factor of w and 385.
35
Suppose -7*b + 20 = -11*b. Let t be (32/40)/((-1)/b). Suppose 5*k = -2*l + 19, -6*l + 4*l + 1 = -k. Calculate the highest common factor of t and k.
1
Let c be (0 - 1336)/(11 - (9 + 4)). What is the greatest common divisor of c and 1169?
167
Let g be (-291)/(-21) + -3*4/(-84). Let c = 465 - 339. Calculate the highest common divisor of c and g.
14
Suppose -4*d + 54 = -2*d. Let o(n) = -1404*n + 15453. Let x be o(11). What is the greatest common factor of x and d?
9
Let z = 32838 - 32816. Calculate the greatest common divisor of 3278 and z.
22
Let g be 22/(-11) + (-24)/(-2). Suppose 719 = g*h - 181. What is the highest common divisor of 36 and h?
18
Let r(u) = u**3 + 24*u**2 - 52*u + 53. Let m be r(-26). Let l be (m - (3 - 2)) + 2. Calculate the greatest common factor of 432 and l.
54
Let w(g) be the second derivative of -7*g**3/6 + 63*g**2 + 74*g. Let d be w(12). What is the highest common divisor of d and 525?
21
Suppose -51 = -7*a - 30. Suppose -5*b - 69 = -4*f, -3*b - 49 - 2 = -a*f. What is the highest common factor of 12 and f?
4
Let n = 2849 + -2639. What is the greatest common divisor of n and 4095?
105
Suppose 0 = 3*h, 5*b = 3*h - 66 - 114. Let o be (-3 - -1)*(b - -33). Calculate the highest common factor of o and 16.
2
Suppose 5*c - 22 = 228. Let q = 59 - c. Calculate the highest common divisor of q and 4.
1
Let b = 270 - 273. Let h = b - -94. What is the highest common divisor of 364 and h?
91
Let b = -1704 + 2656. Let j = b - 648. Let i = j + -190. What is the highest common factor of 6 and i?
6
Let g(y) = 92*y - 29. Let o be g(-2). Let z = -150 - o. Calculate the greatest common divisor of 441 and z.
63
Suppose -16*v = -0 - 96. Let b be (-16)/(-4) + (-4)/2 + v. What is the greatest common factor of 376 and b?
8
Let s be 11860/48 - 2/24. Calculate the highest common divisor of 104 and s.
13
Let s be (-3)/(4 + (-1532)/384). Let y = 9 + s. Let o = y + 400. What is the greatest common factor of o and 11?
11
Let k(x) = -4941*x - 242. Let t be k(-2). What is the highest common factor of t and 40?
40
Let c = 2340 - 786. Calculate the greatest common factor of 296 and c.
74
Let l = 14485 - 8068. Calculate the greatest common factor of l and 23.
23
Let b = -38 + 82. Let c(x) = -x**2 + 10*x - 15. Let q be c(7). Suppose -66 = 3*a - q*a. What is the greatest common factor of b and a?
22
Suppose 3*b - 4*b = -45 - 3. Let f(k) = -k + 4 - 1 + 4. Let i be f(-5). Calculate the highest common factor of i and b.
12
Suppose -8 = -4*m, -4*i = -6*m - 464 - 324. Calculate the greatest common factor of 380 and i.
20
Let p(t) = -t**2 + 8*t - 7. Let r be p(6). Suppose -4*z + r*z - 23 = 0. Suppose -460 = -40*m + 460. What is the greatest common factor of z and m?
23
Suppose 5407 = 2*o + 2*a + 821, 4*o - 9186 = -2*a. Calculate the greatest common factor of o and 46.
46
Let h = -2402 + 2406. Let c be (-5)/(-3)*(4 + -1). Calculate the highest common divisor of c and h.
1
Suppose -50*m = -10248 - 2. Calculate the greatest common factor of 1476 and m.
41
Let u = 11 + 73. Suppose 273 - u = 27*w. Suppose -j - 2*f + 32 = 8, -4*j - 3*f = -71. What is the greatest common factor of w and j?
7
Let b(f) = 26*f**3 - 3*f**2 - f. Let n be b(3). Suppose -8*h = n - 3624. Let p be 1 + 2 + -3 + 41. Calculate the highest common divisor of h and p.
41
Let f(b) = 209*b. Let q be f(1). Suppose 45*h - 1178 = -17*h. What is the greatest common factor of q and h?
19
Suppose -z + 15 = 2*t, 5*t + 0*z - 36 = -2*z. Suppose -l = t*l - 91. Let y be (14/4)/(l/26). What is the greatest common factor of 21 and y?
7
Suppose 0 = -69*p + 7275 - 651. Calculate the greatest common divisor of p and 7136.
32
Let w be ((-1092)/63)/(4/120*-4). Suppose 4*h - 731 = 49. Calculate the greatest common factor of w and h.
65
Let y(c) = 5*c - 113. Let g be y(27). Let q be -3*(140/(-12) + -3). Calculate the highest common factor of q and g.
22
Let v = 33865 + -33589. What is the highest common factor of v and 324?
12
Suppose -389*x = -390*x + 2*t + 520, 5*t = -30. What is the greatest common factor of x and 8?
4
Suppose -91*c - 2886 + 6435 = 0. Calculate the greatest common factor of c and 17784.
39
Let u = 645 - 337. Sup